**3 + 1. Let l(q) = -4*h(q) - o(q). What is the hundreds digit of l(-5)?
3
Suppose -370 = -5*c + 5*x, 0 = -c - 5*x + 23 + 39. What is the tens digit of c/((2 - -2)/4)?
7
Let r(b) = -9*b**2 - 3*b + 569. What is the tens digit of r(0)?
6
Let i(n) = 6*n + 5. Let y(v) = 1. Suppose 3*o = 5*s - 0*o + 10, 2*o + 10 = 0. Let k(r) = s*y(r) + i(r). What is the tens digit of k(8)?
4
Suppose 150 = 11*s - 8*s. Suppose -5*y = -5*w - 235 + s, 5*w + 21 = y. What is the units digit of y?
1
Suppose q - 5 = 0, -o - 2*q + 22 = 7. Suppose 3*n - 39 = -o*d, n + 14 = 2*n + 2*d. What is the units digit of n?
8
Let v = 716 - 468. Suppose 0 = -19*c + 15*c + v. What is the tens digit of c?
6
Let o be -2*((-3)/6 - -1). Let m be -13 + 13 + (-4)/o. Suppose 0 = d, -2*j + 0*j - m*d + 26 = 0. What is the tens digit of j?
1
Let q(z) = 4*z**2 + 3*z + 38. What is the hundreds digit of q(-5)?
1
Let r(d) = 24*d**2 - 3*d - 3. Let u be r(3). Suppose 3*t - g = u, 2*t + 2*g - 128 = -0*g. What is the tens digit of t?
6
Suppose -1308 = 1379*i - 1391*i. What is the tens digit of i?
0
Let k(g) be the third derivative of g**5/30 - g**4/4 - g**3 - 2*g**2. Let h be k(11). Suppose -w + h = 4*w. What is the units digit of w?
4
Let s(l) = l**2 - l + 374. Let b be s(0). Suppose 10*m - b = 8*m. What is the units digit of m?
7
Let u = 375 - 281. What is the tens digit of u?
9
Let x(a) = 2*a**2 - 2*a + 39. What is the hundreds digit of x(-29)?
7
Suppose -2*u = -2*c + 244, 43 + 472 = -4*u - 5*c. Let s = 140 + u. What is the tens digit of s?
1
Let h(g) = -g**3 + 14*g**2 - 12*g - 10. Let t be h(13). What is the tens digit of 45 + (12/3 - t)?
4
Let a = 10 + -25. Let h = a - -19. Suppose -h*q + 84 = -q - 3*o, -2*q - 5*o + 21 = 0. What is the tens digit of q?
2
Suppose -3*i = -5*k - 881, 20*i = 22*i - k - 599. What is the tens digit of i?
0
Suppose -2*b = -3*s + 17, 0*s = s + 2*b - 3. Suppose s*d - d = 8. What is the units digit of (d/3)/((-2)/(-24))?
8
Let w(i) = 2*i**3 - 15*i**2 + 12*i - 13. What is the units digit of w(10)?
7
Suppose -n - 6 = -11. Let b = n - 15. What is the units digit of b*2/(40/(-12))?
6
Suppose -2*j = -3*p - 316 + 11976, 2*p = 3*j + 7775. What is the hundreds digit of p?
8
Suppose 6*n + 15 = -4*v + n, 0 = 3*v + 5*n + 15. Suppose 5*p + 5*d + 149 + 61 = v, -p - 5*d = 38. Let o = p + 65. What is the units digit of o?
2
Let z be 2 + 0 + (-3 - -1). Let s(v) = 5 + 2*v + v - 4*v + z*v + v**3 + v**2. What is the units digit of s(0)?
5
Let r be 20/14 + (-6)/14. Suppose 0 - r = -3*f + 5*z, 2*f - 5*z = -1. Suppose -2*a = i - 35, 3*a - 86 = -2*a - f*i. What is the units digit of a?
6
Let o(n) = 5*n**2 - 2*n + 7. Let x(r) = 2*r**2 - r + 2. Let m(p) = -2*o(p) + 7*x(p). What is the units digit of m(-4)?
6
Let s = 1038 - 904. What is the units digit of s?
4
Let s = 1594 - 848. What is the units digit of s?
6
Suppose 0 = 8*q - 6*q - 16. Suppose 0*l - 1456 = -q*l. What is the tens digit of l?
8
Suppose 381 = -3*m - 2*l, 3*m + 0*m - 3*l = -366. Let i = 196 + m. What is the units digit of i?
1
Suppose i + 4*o = 2*i - 323, 0 = -5*i - 4*o + 1711. Suppose -5*m = -1624 + i. What is the units digit of m?
7
Suppose 2*b - 31 = -5. Suppose -b*x + 1860 = -3*x. What is the tens digit of x?
8
Suppose -u = 2*c - 16, -2*u - 26 = -3*u - 4*c. What is the tens digit of (-420)/(-8) + (-3)/u?
5
Let v = 169 + -17. What is the hundreds digit of v?
1
Let g(b) = -39*b + 15. Let l be g(11). What is the tens digit of l/(-2) - (-44)/(-11)?
0
Suppose -4*z = k - 145, 0*k + 4*z = 2*k - 314. Let m = k + -87. What is the tens digit of m?
6
Let h be ((-4)/10)/((-9)/630). What is the units digit of ((-48)/h + 2)*7?
2
Let a(p) = -5*p**3 - 6*p**2 + 39*p + 6*p**3 - 5 - 24*p**2. What is the tens digit of a(29)?
8
Suppose -s - 635 = -5*x + 2*x, 6 = -3*s. What is the units digit of x?
1
Suppose 3*c + c + 1950 = 2*s, -4*s + 4*c + 3892 = 0. What is the hundreds digit of s?
9
Suppose 2*w - 4*w - m + 38 = 0, -5*m = 10. Let p(d) = 2*d**2 - 3*d - 2. Let n be p(5). Let k = w + n. What is the tens digit of k?
5
Suppose -3*c - 5*m = 2*c + 45, 5*m - 15 = c. Let t be (c/(-35))/((-2)/(-14)). Suppose 2*p - 36 = -t*p. What is the units digit of p?
9
What is the units digit of ((-204)/306)/((-4)/17274)?
9
Suppose 0 = 2*n, -n = 2*x - 5*n - 18. Suppose -2*a = -x*a + 266. What is the tens digit of a?
3
Suppose -9*j + 2460 = -663. What is the units digit of j?
7
Let u = -135 - -309. What is the tens digit of u?
7
Let n = -14 + 17. Suppose 5*r + 10 = n*r, -3*q + 2*r + 133 = 0. What is the tens digit of q?
4
Suppose -k = 2*k. Let q(w) = w**3 - 15*w**2 + w - 18. Let a be q(15). What is the units digit of 4 + a + 5 + k?
6
Let o(x) = -x**3 + 17*x**2 - 13*x + 4. Let i be o(16). Let h = i + 220. What is the tens digit of h?
7
Suppose 2*o = 4*l - 10, -1 = -4*l + 3*o + 2*o. Suppose l*s = 3*k + 21, -8 = -s - 0*k - 2*k. What is the units digit of (4/s)/((-6)/(-27))?
3
Let r = -19 - -630. What is the hundreds digit of r?
6
Let r be 0 + 0/(-1) + 2. Let x be 0 - (24/(-4) + 1). What is the units digit of 15 - (x - 3 - r)?
5
Suppose -2588 + 22460 = 36*v. What is the tens digit of v?
5
Suppose -13*f = -15*f - 2. Let r be f*2 + 7 + -12. Let y(o) = -2*o + 3. What is the units digit of y(r)?
7
Suppose -4*o + 2*x = -9*o + 6, -4*o + 4*x - 12 = 0. Suppose 0 = -2*f + m + 15, -2*f - 4*m - 11 + 1 = o. What is the units digit of f?
5
Let m(x) = 12*x**2 - 4*x - 7. What is the units digit of m(-2)?
9
What is the units digit of -4 - (-6)/9*618?
8
Suppose 0 = 8*c - 3*c - 2605. What is the units digit of c?
1
Let k(n) = -83*n - 26. What is the tens digit of k(-15)?
1
Suppose 5*b - 2*u = -3, -2*b - 8 = 4*u - 26. What is the tens digit of -4 + b + 5 + 73?
7
Let w be 2986/8 + -2 - 6/(-8). Let h = w + -255. What is the hundreds digit of h?
1
Let f = 225 - 210. What is the units digit of f?
5
Let u(i) = -12*i**3 + 10*i**2 + 17*i - 4. What is the hundreds digit of u(-4)?
8
Let o = 45 + -19. Suppose -3*n = -t - 26, 5*t + 20 + o = 3*n. Let i = 7 + n. What is the tens digit of i?
1
Suppose 0 = 30*g - 63653 - 32047. What is the units digit of g?
0
Let a = 2 - 5. Let x = a - 2. What is the units digit of (-39)/x - (-1)/5?
8
What is the units digit of -3 + 69855/27 - (-32)/(-144)?
4
Let a(i) = 4*i**2 - 6*i - 31. Let r be a(6). Suppose -2*z + y = -218, 4*y - y = 4*z - 432. Let c = z - r. What is the units digit of c?
4
Let z = -50 + 52. Suppose -z*y + 0*y + 26 = n, 190 = 5*n - 2*y. What is the tens digit of n?
3
Let a be 1/(-4) + 7735/(-52). Let r = 380 + a. Suppose q + 2*f = 48, 0 = q + 4*q + f - r. What is the tens digit of q?
4
Suppose -5*f + 772 = -208. Let v = f - 108. Suppose y = -3*y + v. What is the tens digit of y?
2
Suppose 4*c + 5*p = 28, 2*c = 3*c + 4*p - 18. Suppose -c*o = 10, o + 4*o + 70 = 3*l. Let y = 90 - l. What is the units digit of y?
5
Let i(b) = 8*b**2 + 8*b - 36. What is the hundreds digit of i(-11)?
8
Suppose 7*a + 3*v - 12711 = 0, -1803 - 2 = -a + 5*v. What is the tens digit of a?
1
Suppose 393 + 291 = 4*p. Suppose 0*z + 3*z - p = 0. What is the tens digit of z?
5
Suppose -5*y + 375 = -0*y. Suppose 4*u + 237 + y = 0. Let b = -49 - u. What is the units digit of b?
9
Suppose 3*l + l - 32 = -3*u, 0 = 5*u + 3*l - 35. Suppose 4*k = 20, -u*j - 4*k = j - 275. What is the units digit of j?
1
Suppose 0 = -4*w + 3*w - 3*n + 50, 4*w - 5*n - 115 = 0. Suppose 2*m - 97 = w. What is the units digit of (-3)/6 + m/4?
6
Let r be (-66)/(-9)*-3 + 1. What is the units digit of 1590/35 - 12/r?
6
Let o = 201 - 101. What is the tens digit of o?
0
Suppose -30*y + 1376 = -1654. What is the hundreds digit of y?
1
Let g = -911 + 3354. What is the hundreds digit of g?
4
Let z(v) be the third derivative of v**6/60 + v**5/60 + v**4/3 - 5*v**3/3 + 31*v**2. What is the hundreds digit of z(4)?
1
Let o(q) = -2*q**2 + 14*q + 13. Let f be o(11). Let r = 16 - f. What is the units digit of r?
1
Let a = -57 - -67. What is the units digit of ((-2716)/(-175))/(4/a)*5?
4
Let p(t) = -t**3 + 6*t**2 + 3*t - 12. Let r be p(6). What is the units digit of (-1408)/(-20) - r/(-10)?
1
Suppose 9*t - 112 = 2*t. Suppose -5*r + 151 = t. Let h = 67 - r. What is the units digit of h?
0
Suppose -149 - 803 = -4*h + 5*m, -h = 2*m - 225. Suppose 7*d + h = 8*d. What is the hundreds digit of d?
2
Suppose 23*o = -9*o + 88704. What is th